y - 9. Suppose -4*r + 2*l = -5 - 5, 4*r = -3*l + 5. Calculate the remainder when 23 is divided by j(r).
10
Suppose 4*d - 51 = d. What is the remainder when d is divided by (-2 - (-28)/8)*-2 + 10?
3
Let b(i) = 8*i**2 + i - 4. Suppose 3*f + 30 = -5*j - f, 5*j + 5*f = -35. What is the remainder when b(j) is divided by 0 + 2 - -3 - -2?
5
Let l be 4/(-6)*3*-4. Calculate the remainder when 4/16 - (-542)/l is divided by 12.
8
Let u(m) = m + 7. Let v be (-8)/4 + (-3 - -1). Let f(h) = h**2 + 6*h. What is the remainder when f(-7) is divided by u(v)?
1
Let h = 31 + -1. Suppose 4*g + h = k - g, -3*g - 35 = -4*k. What is the remainder when 42/3 - (9 - 7) is divided by k?
2
Let v be (-132)/(-28) - (-2)/7. Suppose -16 = -4*u - v*r, 4*r - 29 = -5*u - 0*r. Calculate the remainder when 2 + 1 + (-62)/(-2) is divided by u.
7
Let h(m) = m**2 - 12*m + 13. Let o be h(6). Suppose 2*v = -v - 102. Let k = o - v. Calculate the remainder when 42 is divided by k.
9
Calculate the remainder when 150 is divided by 3 + (-24)/4 + (14 - -11).
18
Suppose -5*n = -4*k + 79, -7*k + 2*n + 61 = -4*k. What is the remainder when 648 is divided by k?
18
Let k = -525 + 757. What is the remainder when k is divided by 47?
44
Let o = 8 + 58. What is the remainder when 189 is divided by o?
57
Suppose 19*w - 10*w - 27 = 0. Suppose -13*b - w*b + 688 = 0. Suppose 4*u - 47 = 13. Calculate the remainder when b is divided by u.
13
Suppose 33*f - 70*f = -16613. What is the remainder when f is divided by 24?
17
Let c(f) = -f**2 + 5*f + 125. What is the remainder when 286 is divided by c(9)?
19
Suppose -5*m = -2*u - 157, 0 = 4*m - 5*u + 10 - 139. Let d be 2/((-52)/(-12) - 4). Suppose a - d - 2 = 0. What is the remainder when m is divided by a?
7
Suppose 2*p - 4*y = 2 + 2, 4*y = -4*p + 56. What is the remainder when p is divided by 6?
4
Let u(p) = -p**3 + p**2 - 50. Let x be u(0). Calculate the remainder when 10 is divided by (x/(-15))/5*6.
2
Let w = 601 - 359. What is the remainder when w is divided by 41?
37
Let k = -26 + 58. Calculate the remainder when k is divided by -2*11*36/(-72).
10
Suppose 9*n + 161 = 755. Calculate the remainder when n is divided by 41.
25
Suppose -267 = -5*g + u, u = 15*g - 11*g - 214. Calculate the remainder when 99 is divided by g.
46
Suppose -7*h + 3*h = -264. Let p = 12 + -8. Suppose -2*w - 41 = -0*d - 3*d, p*w + 48 = 4*d. Calculate the remainder when h is divided by d.
15
What is the remainder when (-109 + 3)/(6/(-12)) is divided by 22?
14
Let w(f) = -11*f**3 - 4*f**2 + 3*f + 6. Let g(q) = -q**2 - q - 19. Let i be g(0). Let n = 8 - i. What is the remainder when n is divided by w(-1)?
7
Suppose -5*m = -12 - 88. Suppose 0 = -5*j + 100*o - 95*o + 25, 5*j + 2*o - 32 = 0. What is the remainder when m is divided by j?
2
What is the remainder when 66 is divided by (15/6)/((-15)/(-108))?
12
Let d = -15 - -17. Let b be d/2 + 1 + -14. What is the remainder when (-856)/b - (-3)/(-9) is divided by 24?
23
Let v(n) = -2*n**2 - 2 + 12*n + n**2 + 3*n**2 - 3*n**2. Let m be v(10). Let k = m + -3. Calculate the remainder when k is divided by 4.
3
Suppose 0 = 3*y + 2*a - 63, -4*y + 66 + 29 = -a. What is the remainder when 569 is divided by y?
17
Let m be 33/(-6)*24/(-22). Let a(k) = 119*k**3 + k**2 + k - 1. Let v be a(1). Suppose v = -m*u + 822. Calculate the remainder when u is divided by 30.
27
Let b(i) = 5*i**3 - 4*i**2 - 38. Let v(z) = 4*z**3 - 3*z**2 - 37. Let u(f) = 5*b(f) - 6*v(f). What is the remainder when u(0) is divided by 17?
15
Let j(b) = 3*b**2 - 9*b - 11. What is the remainder when j(-4) is divided by 27?
19
Let l = 2 + 15. What is the remainder when l is divided by ((-2)/3)/(4/(-42))?
3
Suppose 3*i - 2 - 10 = 0. Let p(g) = -g**2 - 4*g + 8. Let r be p(-7). Let d = i - r. Calculate the remainder when 49 is divided by d.
15
Let j be 6 - (7/7)/(1 - 2). Calculate the remainder when 13 is divided by 16/56*j/(-3)*-9.
1
Let r be 5 + 33/(-27) - 2/(-9). Let a be (-330)/(-9) + 2/6. Let q = a - r. Calculate the remainder when q is divided by 9.
6
Let c(g) = 5*g**2 + 16*g + 36. Let l(v) = v**2 + 4*v + 9. Let i(f) = 2*c(f) - 9*l(f). What is the remainder when 103 is divided by i(-5)?
31
Let s(r) = 13*r**2 - 21*r + 36. What is the remainder when 135 is divided by s(2)?
43
Let k = -21 + 31. Suppose k - 9 = -f. What is the remainder when 34 is divided by 2/(-3)*f*18?
10
Suppose 9*r + 13*r - 462 = 0. What is the remainder when 121 is divided by r?
16
Let b(o) = -o**3 - 20*o**2 + 43*o - 21. What is the remainder when ((-1)/6)/(15/(-90)) is divided by b(-22)?
0
What is the remainder when -2*(-3 - 29) - -4 is divided by 12?
8
Suppose 2 = 4*x + 2*k, -9 = 3*k + 6. Suppose -2*f = -5*u - 63, x*f + 5*u = -17 + 74. Calculate the remainder when f is divided by 9.
6
Let m = -662 + 741. What is the remainder when m is divided by 26?
1
Suppose -6*l + 4*s + 144 = -4*l, 5*l + 3*s - 386 = 0. Let o = 147 - l. Calculate the remainder when o is divided by 24.
23
Let d = -265 + 282. Calculate the remainder when 135 is divided by d.
16
Suppose -3*i + 11*i - 320 = 0. Suppose -4*b = b - i. Calculate the remainder when 13 is divided by b.
5
Let b(k) = 520*k - 518. What is the remainder when b(6) is divided by 14?
12
Let j be 544/13 + (-2)/(-13). Let k = 48 - j. Suppose -t + 2*t = -2*n + 3, 3*t + 15 = 2*n. Calculate the remainder when k is divided by n.
0
Let b = -23 + -104. Let z = b + 12. Calculate the remainder when 89 is divided by (z/10)/((-2)/4).
20
Let r = 145 + -118. What is the remainder when 88 is divided by r?
7
Suppose -201 = -4*t - 33. What is the remainder when t is divided by (6/(-4))/(3/(-44))?
20
Suppose -4 = 2*m - 8. Let r be ((-2)/6)/1*9. Calculate the remainder when 23 is divided by (13/r)/(m/(-6)).
10
Suppose -3*x + 18 = 6. Let r be 6/(2/x - -1). Suppose -3*s + 3*b = -24, r*s - 40 = 3*b - 3. What is the remainder when 38 is divided by s?
12
Let k(l) = 6*l**2 - 9*l - 1. Let m be k(-7). Let z be m/16 + 2/(-8). Let b = z + 0. What is the remainder when b is divided by 12?
10
Let m(r) = -5*r + 1. Let b = -360 - -418. Calculate the remainder when b is divided by m(-4).
16
Let p(a) = -a**3 + 7*a**2 - 5*a + 13. Calculate the remainder when p(6) is divided by 3.
1
Let a be 1 - 54/5*(13 + -28). Let g = a + -69. Calculate the remainder when g is divided by 16.
14
Suppose 34*a - 12*a - 47*a + 1550 = 0. Calculate the remainder when a is divided by 4/6 + 188/6.
30
Suppose 290 + 1185 = 25*u. Let w = 18 - -2. What is the remainder when u is divided by w?
19
Suppose -16*l = 42*l - 5684. What is the remainder when l is divided by 59?
39
Let g = -7 - -16. Let h be 2/g - (-538)/9. Let c = h - 42. What is the remainder when 51 is divided by c?
15
Let m be (-6*(-4)/(-8))/((-12)/8). Suppose -4*q + m*x = -2*q - 68, 0 = -4*q - 5*x + 163. Calculate the remainder when 71 is divided by q.
34
Let c = -242 + 295. What is the remainder when c is divided by 9?
8
Suppose 0*l = 2*l - 42. Let z = -39 + 52. Calculate the remainder when l is divided by z.
8
Let j = -45 - -50. Suppose 3*v - 3*y - 177 = 0, 7*y - 2*y = -j*v + 275. What is the remainder when v is divided by 20?
17
Suppose 13*z + 255 = 18*z. Suppose 8*f = 9*f - z. Calculate the remainder when f is divided by 9.
6
Let d = 184 + -2. Let z = 198 - d. Calculate the remainder when 0/(-1) + 47 + -1 is divided by z.
14
Suppose 13*w + 3 = 14*w. Suppose -4*n + 4 = 2*k, -4*n = w*k - 14 + 2. Calculate the remainder when 30 is divided by k.
6
Let x = -3787 + 3822. What is the remainder when x is divided by (-4 + 1)*10/(-3)?
5
Suppose 4*a - g - 35 = -4*g, 5*a = g + 58. Suppose -a = -4*j + 5. What is the remainder when 17 is divided by j?
1
Let x(z) = z**3 - 5*z - 2. Let j be x(3). Suppose j = 5*o + 2*t, t + 13 = -o + 3*o. Let y = 15 + -10. Calculate the remainder when y is divided by o.
1
Let k = 0 - -3. Let x(n) = -n**3 - n**2 - 1. Let g be x(0). Calculate the remainder when -2 - -3 - (2 + 10*g) is divided by k.
0
Let i = 13 - 13. Suppose 3*r + r - 24 = i. What is the remainder when 23 is divided by r?
5
Let y(o) = 4*o**2 + 9*o - 15. Calculate the remainder when 109 is divided by y(-5).
29
Let t(f) = -7*f - 11. Let n be t(-8). Suppose 0 = 2*m - n + 17. Let y = 85 + -45. What is the remainder when y is divided by m?
12
Let d(p) = p**2 + 4*p + 1. What is the remainder when d(-